et r(x) = -2*x - 11. Let o be r(-8). What is the remainder when 51 is divided by (-26)/(0 + 3 - o)?
12
Let l = 103 - 60. What is the remainder when l is divided by 9?
7
Suppose 5 = 5*u, 1 = -4*a - u - 10. Let z(p) = 3*p - 4. What is the remainder when 14*(a/(-2) + 2) is divided by z(7)?
15
Let q(i) = -5*i + 4. Let j = 2 + -4. Let t be (j/(-4))/(2/(-12)). Calculate the remainder when q(t) is divided by 7.
5
Suppose -3*p + 10 = -11. Let q(u) = 0 - u**2 - u - 2 - p*u + 0. Calculate the remainder when 37 is divided by q(-6).
7
Let b(h) = -9*h + 2. Suppose 2*u + 5*y + 6 = 0, -2*u + 4*y - 6 = -0. Calculate the remainder when b(u) is divided by 16.
13
Let k = -74 - -117. Suppose 3*l + 5*l = 176. Calculate the remainder when k is divided by l.
21
Suppose 0 = -16*s + 8*s + 280. Let g = 4 - -8. What is the remainder when s is divided by g?
11
Suppose 0 = 2*s - 4*n + 9*n - 27, 4 = 4*n. What is the remainder when 19 is divided by s?
8
Let a(f) = -2*f + 3. Suppose 5*v - 98 = 4*s, -4*v + 0*s + 4*s = -80. Calculate the remainder when v is divided by a(-2).
4
Suppose 116 = 4*j + k + 4*k, 0 = 3*j - k - 68. What is the remainder when 70 is divided by j?
22
Suppose 7*g - 436 = -51. Calculate the remainder when g is divided by 19.
17
Suppose -8*g + 5*d + 10 = -3*g, -26 = -5*g - 3*d. Suppose 0*b - 300 = -g*b. What is the remainder when b is divided by 19?
18
Let f = -125 + 186. Calculate the remainder when f is divided by 16.
13
Let z = 0 + 3. Suppose 111 = 3*b + m + 16, z = -3*m. Calculate the remainder when b is divided by 11.
10
Suppose 0 = -2*l - v + 4, l + 2 = 4*v - 14. Suppose l*b = -4*a + 2*b + 230, -185 = -3*a - b. What is the remainder when a is divided by 21?
18
Suppose -45 - 10 = -5*i. Suppose 4*k - 31 + i = 0. Calculate the remainder when 17 is divided by k.
2
Suppose 3*g + 2*v - 5*v - 87 = 0, -2*g + 70 = v. Suppose -4*q - 12 = 0, q + 3*q + 24 = n. Calculate the remainder when g is divided by n.
9
Suppose 0 = 4*d - 4*i - 27 + 3, d + 3*i = -2. Suppose 2*r + 10 = 5*h + r, -5*h + 3*r = -10. Calculate the remainder when d is divided by h.
0
Suppose -w + 138 = 2*w. Let y = w + -27. Calculate the remainder when 37 is divided by y.
18
Let w = 8 - -4. Let q(c) = c**2 + 9*c - 2. Let h = 1 + -13. What is the remainder when q(h) is divided by w?
10
Calculate the remainder when 31 is divided by 9/(((-4)/8)/(-1)).
13
Suppose 2*b + 0 = -10. Let q = 25 - b. Calculate the remainder when q is divided by 11.
8
Let g(c) = -c**2 + 11*c + 10. Suppose -5*w + 0*w = 5. Let i be (22/4)/(w/(-2)). What is the remainder when g(i) is divided by 4?
2
Suppose 2*q = -3*f - 31, 2*q + 24 = -2*f - 0*q. Let b(z) = -z**2 - 3*z + 9. Let l be b(f). Let r = -11 - l. Calculate the remainder when r is divided by 3.
2
Let x(t) = t**3 + t. Let m be 3*-1*(-34)/(-6). Let y = -11 - m. What is the remainder when x(2) is divided by y?
4
Suppose 3*x = x + 4*n + 70, 5*x - 184 = n. Calculate the remainder when x is divided by 3*(-8)/(-2) + 1.
11
Calculate the remainder when 66 is divided by 18 - -1 - (-5 - -7).
15
Suppose -2*f + 3 = -5. Let b = f - -2. Let u(q) = 2*q**2 + 2*q - 3. Calculate the remainder when u(-4) is divided by b.
3
Let j(d) = 2*d - 1. Suppose 0 = 3*s - 2 - 7. What is the remainder when j(6) is divided by s?
2
Let h be ((-2)/3)/(1/3). Let p(s) = -s. Let b be p(h). Suppose 4*v - b*v - 8 = 0. Calculate the remainder when 11 is divided by v.
3
What is the remainder when 17 is divided by (63/(-14))/((-1)/(-2) + -1)?
8
Let k(x) = 9*x + 2. Let h = 6 + -2. Calculate the remainder when k(1) is divided by h.
3
Let x(r) = -3*r - 5. Let w be x(-4). What is the remainder when 10 + -14 - (-15 - -1) is divided by (w + -1)/(2 + -1)?
4
Let m(h) be the second derivative of h**5/20 + 2*h**4/3 + 2*h**3/3 - 5*h**2 + h. Calculate the remainder when m(-5) is divided by 12.
9
Suppose 0*w + 170 = 5*w - 3*a, -4*a = -w + 51. What is the remainder when w is divided by 8?
7
Let q = -10 + 27. Suppose 0*c = 2*c - 10. What is the remainder when q is divided by c?
2
Let i(b) = b**3 + b**2 - 56. Let w be i(0). Calculate the remainder when 70 is divided by 18/(-21)*w/2.
22
Suppose 0 = -7*f + 4*f + 6. Let t(m) = -m**f - 9*m - 5*m + 2*m - 11. Calculate the remainder when t(-9) is divided by 9.
7
Suppose 5*h - 120 = -5*a, 2*h + 2 = -0. Let q = a + -13. Calculate the remainder when 23 is divided by q.
11
Let r(w) = 14*w**2 + w. Let m = 13 + -8. Suppose 0 = m*o - 11 - 29. What is the remainder when r(1) is divided by o?
7
Let d be 4/18 - 258/(-54). Suppose -t + d = -0*t. What is the remainder when t is divided by 4?
1
Suppose -2*q + 12 = -16. Let z(w) = -2*w**3 - 5*w**2 - 8*w - 13. What is the remainder when z(-4) is divided by q?
11
Let j = 234 + -194. Calculate the remainder when j is divided by (-2)/(-4) - 54/(-4).
12
Let c = -6 - -11. Suppose 5*n + 8*k - 3*k = 85, c*k = 25. Calculate the remainder when 59 is divided by n.
11
Let s(z) = -z**3 + 2*z**2 + 8*z - 2. What is the remainder when s(3) is divided by 9?
4
Let t(v) be the third derivative of v**5/60 - v**4/8 - v**3/3 + v**2. Calculate the remainder when t(4) is divided by 2.
0
Let z = -2 + 20. Let h(u) = u**2 - 4*u - 6. Let f be h(6). Suppose f*s - 175 = s. Calculate the remainder when s is divided by z.
17
Suppose 3*q - k + 43 - 159 = 0, 5*q + 4*k - 182 = 0. What is the remainder when q is divided by 21?
17
Let a(u) = 2*u**2 + 7*u. Let g(d) = d**2 + 7*d - 1. Let k(n) = -2*a(n) + 3*g(n). Calculate the remainder when 13 is divided by k(5).
6
Let d = 89 - 62. Calculate the remainder when d is divided by 7.
6
Suppose 24 = -d + 5*d. Calculate the remainder when 22 is divided by d.
4
Suppose 0 = -4*l + o + 9, -l + 3*o - 7*o + 15 = 0. Suppose 0 = 4*a - 9 - l. Suppose -2*r + 260 = a*r. Calculate the remainder when r is divided by 18.
16
Suppose 27 + 7 = -v. Let t = 50 + v. What is the remainder when t is divided by 9?
7
Let d(j) = 19*j**2 - j - 5. What is the remainder when d(-2) is divided by 19?
16
Let d(z) be the first derivative of -z**4/4 - 2*z**3/3 + 3*z**2/2 + 6*z + 2. Calculate the remainder when 75 is divided by d(-4).
23
Let v = 30 + 26. Let a = -26 - -45. What is the remainder when v is divided by a?
18
Let t = -33 - -38. What is the remainder when 17 is divided by t?
2
Suppose 5*s - 3*l = 50, 3*s + 8*l = 3*l + 30. What is the remainder when s is divided by 3?
1
Suppose 0 = k - 21 - 74. Let o = -50 - -74. Calculate the remainder when k is divided by o.
23
Calculate the remainder when 29 is divided by (-3)/((-81)/24 + 3).
5
Let l = -1 - 2. Let m = 2 - l. Suppose -2*j = -1 - m. What is the remainder when 6 is divided by j?
0
Suppose 5*j = j + 404. What is the remainder when j is divided by 26?
23
Let d = -108 - -131. Suppose -5*s + 5*m + 1 + 4 = 0, 4*s + 3*m = 18. Suppose 7 = s*r + 19, -2*k = 4*r. Calculate the remainder when d is divided by k.
7
Suppose 0 = 3*j - 6*j + 45. Suppose 0*i + i + 1 = 0. Calculate the remainder when (-63)/j*i*5 is divided by 11.
10
Let s = 0 + 0. Let z be (s + 3)/(2/4). Suppose -3*p = -9 - z. Calculate the remainder when 14 is divided by p.
4
Suppose 5*x - 39 = -2*k - 7, 3*k - 14 = x. Calculate the remainder when (-2 - 1) + (19 - -1) is divided by k.
5
Suppose -2*g - 38 = -4*g. What is the remainder when 53 is divided by g?
15
Let n(p) = 86*p**2. Let f be n(-1). Suppose f = c + 22. Suppose -4*i - c = -2*v, 0*i - 5*i + 37 = 2*v. What is the remainder when v is divided by 9?
8
What is the remainder when 45 is divided by 4/14 - 410/(-35)?
9
Let v = -72 + 108. What is the remainder when v is divided by 19?
17
Let n(v) = v**3 - 7*v**2 + 6*v + 8. Suppose -27 = -5*z + 78. What is the remainder when z is divided by n(6)?
5
Let z = 7 + -1. Let a be 16/z - (-2)/(-3). Suppose 3*i = 8*i + 3*s - 139, -2*i - a*s = -54. What is the remainder when i is divided by 15?
14
Let r(j) = 2*j - 4. Let t be r(4). Suppose 0 = -2*n + 2*d + 2*d + 42, 0 = 5*n - t*d - 75. Calculate the remainder when n is divided by 6.
5
Let d = 43 - -18. What is the remainder when d is divided by 21?
19
Suppose b - 6*r + 4*r = -27, 3*r = 12. Let w = -11 - b. What is the remainder when w is divided by 3?
2
Let f = -5 - 0. Let w = f + -4. Let n(p) = -4*p - 2. What is the remainder when n(w) is divided by 9?
7
Suppose 2*i - 2 = 0, 2*q + 3*i - 13 = -3*q. Let j(c) be the second de